5891 prime?
False
Is 18152920459 a prime number?
True
Is 33986654537 a prime number?
False
Is 16934447183 prime?
True
Is 149709121763 a prime number?
False
Is 2413689769 a composite number?
False
Is 2040286801 a composite number?
True
Is 23968279877 composite?
False
Is 445143857 a prime number?
False
Is 8269680605 a composite number?
True
Is 202169147 composite?
True
Is 7935315511 a composite number?
False
Is 730973053 a composite number?
True
Is 214699993 a composite number?
False
Is 18015300221 composite?
True
Is 4591752987 a prime number?
False
Is 19316956717 a composite number?
False
Is 18281684017 a prime number?
True
Is 90484313 a composite number?
False
Is 174104565529 a prime number?
False
Is 1683887 composite?
False
Is 100633667521 composite?
False
Is 39736922497 a composite number?
False
Is 7044531661 prime?
True
Is 1103391017 a composite number?
False
Is 2697078829 a prime number?
True
Is 50332728511 composite?
True
Is 273606523 a prime number?
False
Is 4528799971 composite?
False
Is 1934555621 prime?
True
Is 6660341989 a prime number?
False
Is 5451901661 prime?
False
Is 323604583 a prime number?
False
Is 62813769479 prime?
False
Is 2066673937 prime?
True
Is 286812817 a composite number?
False
Is 692769073 prime?
True
Is 2418979711 a composite number?
False
Is 711112901 a composite number?
True
Is 557919371 composite?
True
Is 7187992057 a prime number?
True
Is 18410090893 composite?
True
Is 376826264447 a prime number?
True
Is 540204001 a composite number?
False
Is 54139488701 prime?
True
Is 18825885031 a composite number?
False
Is 5706945415 prime?
False
Is 6056149549 a composite number?
False
Is 192971821 a prime number?
False
Is 9308302273 composite?
False
Is 1778634633 composite?
True
Is 252080107 a prime number?
False
Is 23178521713 prime?
False
Is 36044193854 composite?
True
Is 1314789431 a prime number?
False
Is 12669009851 composite?
False
Is 7184181931 composite?
True
Is 12007816679 a prime number?
False
Is 109568551 a composite number?
False
Is 30009518149 composite?
True
Is 900861043 prime?
True
Is 2095595053 a composite number?
False
Is 115014302129 prime?
False
Is 3107472229 a composite number?
False
Is 1961972429 a prime number?
True
Is 44557383509 composite?
True
Is 1483100365 prime?
False
Is 257526337813 prime?
False
Is 8980440793 a composite number?
False
Is 607210363 prime?
True
Is 35609235313 composite?
True
Is 17098682537 a composite number?
True
Is 4047116677 composite?
False
Is 232780169 prime?
True
Is 67200743 a prime number?
False
Is 9194262163 prime?
True
Is 2741803907 a composite number?
False
Is 5351554931 a prime number?
False
Is 1362203797 composite?
False
Is 804132311 a prime number?
True
Is 56085134549 composite?
False
Is 823472087 prime?
True
Is 15641003989 prime?
False
Is 2023131493 a prime number?
True
Is 195191239 prime?
True
Is 26172453491 composite?
False
Is 35351026831 a prime number?
True
Is 114373499 a composite number?
False
Is 22005013687 composite?
True
Is 123764503 a composite number?
False
Is 8965481827 a composite number?
True
Is 1823606153 a composite number?
False
Is 449434891 a composite number?
True
Is 109317357491 prime?
True
Is 50781688382 a prime number?
False
Is 81152903983 composite?
False
Is 42106920103 a prime number?
True
Is 2237521333 composite?
False
Is 37858372633 composite?
False
Is 10460593379 a prime number?
False
Is 18293715833 a prime number?
True
Is 930346511 composite?
True
Is 12314856097 prime?
True
Is 1673394893 prime?
False
Is 28695512663 prime?
True
Is 191770877 a composite number?
False
Is 8694883481 a prime number?
True
Is 13740230263 a composite number?
True
Is 90742182683 a composite number?
False
Is 807039899 prime?
False
Is 61157578523 composite?
True
Is 3138899131 prime?
True
Is 16594250419 composite?
True
Is 279275533 a prime number?
True
Is 823639771 a composite number?
False
Is 170251277023 a composite number?
False
Is 98188427 prime?
False
Is 21434734331 prime?
False
Is 110364643 a prime number?
True
Is 2405934199 prime?
True
Is 33802459 prime?
True
Is 895448231 prime?
True
Is 123818341 composite?
False
Is 187796807069 a composite number?
False
Is 7995599023 composite?
False
Is 4031253409 a prime number?
False
Is 5541830859 composite?
True
Is 162575641219 prime?
False
Is 18513078446 prime?
False
Is 1716090781 a composite number?
False
Is 1091465269 a composite number?
True
Is 1146970997 a composite number?
True
Is 1173069239 a prime number?
False
Is 13551848797 a composite number?
False
Is 202353880801 a prime number?
True
Is 1584721127 composite?
True
Is 26814419 a composite number?
True
Is 1878473607 a prime number?
False
Is 354560753 prime?
False
Is 366083629 a prime number?
False
Is 1590226949 composite?
False
Is 9205682891 prime?
False
Is 2687313649 prime?
True
Is 4921087861 a composite number?
True
Is 58704043309 a prime number?
False
Is 14809617763 a prime number?
True
Is 798165853 a prime number?
True
Is 37510591 a composite number?
True
Is 211982522 a composite number?
True
Is 1948243411 prime?
False
Is 3256200523 composite?
False
Is 27752753 a composite number?
True
Is 125562689 composite?
True
Is 573058973 a prime number?
False
Is 2370485267 a prime number?
True
Is 13665210613 a prime number?
False
Is 2646655663 composite?
False
Is 73577821139 a composite number?
True
Is 145295987 a composite number?
True
Is 332176927 a prime number?
False
Is 6861997561 a composite number?
True
Is 39688656349 a prime number?
False
Is 515225453 prime?
True
Is 4487065279 prime?
True
Is 82139333927 prime?
False
Is 27654089 prime?
False
Is 20432818697 composite?
True
Is 6572477467 a prime number?
False
Is 236750533 a prime number?
True
Is 171342191 composite?
False
Is 107212811 a prime number?
False
Is 2917293677 a composite number?
True
Is 93369181 a prime number?
True
Is 370443061 prime?
True
Is 74402135909 composite?
True
Is 12572266299 prime?
False
Is 262940917471 a prime number?
False
Is 608103127 prime?
True
Is 3214487303 a composite number?
True
Is 8287817737 prime?
True
Is 4823294431 composite?
True
Is 40064487343 a prime number?
True
Is 24207591169 prime?
False
Is 4883775097 prime?
True
Is 29739097519 prime?
False
Is 890833297 prime?
False
Is 12545737229 composite?
True
Is 100174093027 composite?
True
Is 4885447439 composite?
False
Is 15573123143 prime?
True
Is 407956897 a prime number?
True
Is 1335661541 a prime number?
False
Is 312673997 a composite number?
False
Is 164730827687 composite?
False
Is 394058567 a composite number?
True
Is 15016682 composite?
True
Is 119848225489 composite?
True
Is 22287841573 composite?
False
Is 43474939 a prime number?
True
Is 2657604151 composite?
False
Is 125861898961 prime?
True
Is 7391320051 composite?
True
Is 195844543 a prime number?
True
Is 596214347 composite?
False
Is 29953599019 composite?
False
Is 4215150587 a composite number?
True
Is 676868593 prime?
True
Is 42313490585 prime?
False
Is 14530344859 a prime number?
True
Is 9649582751 a prime number?
True
Is 79447663 composite?
True
Is 3084152723 a prime number?
False
Is 2869589054 a prime number?
False
Is 7264277041 prime?
False
Is 3665609543 prime?
False
Is 1851172757 prime?
False
Is 78235133 prime?
True
Is 148392863 prime?
True
Is 277922787 prime?
False
Is 2594579663 composite?
True
Is 38248873 a prime number?
False
Is 52457135603 composite?
True
Is 1002788221 a composite number?
True
Is 9358520999 prime?
True
Is 7658156357 prime?
True
Is 657352439 a composite number?
True
Is 1597535891 prime?
False
Is 389862023 a prime number?
False
Is 17524073341 a prime number?
False
Is 29004019417 a prime number?
True
Is 747115 a prime number?
False
Is 863136133 a composite number?
True
Is 12994263187 prime?
False
Is 10906754827 a composite number?
False
Is 11690797582 prime?
False
Is 56866497 composite?
True
Is 653589991 prime?
True
Is 8404504607 composite?
False
Is 7716238073 composite?
False
Is 43555647133 prime?
True
Is 1957225477 a prime number?
True
Is 11873636171 a prime number?
True
Is 18763778609 a prime number?
True
Is 158892197 prime?
False
Is 14989633297 a composite number?
False
Is 212736841 composite?
False
Is 4742435681 a composite number?
True
Is 27149053171 prime?
False
Is 1360851841 composite?
True
Is 225893159 a prime number?
True
Is 4547389859 